se 8) to base 9.
-10701117
-564e7 (base 16) to base 10
-353511
3a8a19 (base 12) to base 5
222003031
-2ba8a (base 12) to base 10
-62026
77951 (base 11) to base 15
236ee
What is -4621161 (base 7) in base 6?
-20205443
-32625252 (base 8) to base 2
-11010110010101010101010
2391521 (base 10) to base 4
21013313201
What is 1206408 (base 9) in base 11?
4075a9
Convert -499533 (base 12) to base 10.
-1198263
Convert -2041440 (base 12) to base 11.
-3467a04
What is -132002210 (base 4) in base 2?
-11110000010100100
What is 1375de (base 15) in base 14?
1a5281
-34b77 (base 13) to base 5
-11041203
What is -344756 (base 8) in base 7?
-665531
f3102 (base 16) to base 11
61aaa9
-3b463 (base 14) to base 8
-435577
2aa104a (base 13) to base 14
1b56157
4211444 (base 5) to base 7
406662
-15350425 (base 6) to base 3
-1000121002222
What is -1250666 (base 7) in base 11?
-101a17
-166817 (base 9) to base 5
-11302303
80851 (base 12) to base 7
1264114
233785b (base 14) to base 9
34558116
Convert -2fad1 (base 16) to base 2.
-101111101011010001
What is -100001011111000001000101 (base 2) in base 10?
-8777797
What is 20674 (base 8) in base 16?
21bc
-2211365 (base 7) to base 2
-1000010010111101010
484 (base 12) to base 5
10201
-35013210 (base 7) to base 8
-13535211
Convert 727370 (base 8) to base 2.
111010111011111000
Convert -b173b (base 12) to base 16.
-385df
Convert -9671a (base 15) to base 7.
-4026025
Convert 10012200222120 (base 3) to base 5.
414102302
Convert -114243042 (base 6) to base 8.
-10211442
What is 13017567 (base 9) in base 11?
3674516
Convert -101111010010001000101 (base 2) to base 11.
-969089
Convert 2210225 (base 6) to base 13.
3b249
What is -e679e (base 16) in base 7?
-11011163
2117076 (base 9) to base 4
10110301200
41747000 (base 8) to base 7
135435542
Convert -1c3d3 (base 15) to base 3.
-11200012100
Convert 10222201000 (base 3) to base 5.
10003031
Convert 176549 (base 10) to base 13.
62489
What is 12233010 (base 4) in base 14?
a0a8
-333241422 (base 5) to base 4
-11210331200
Convert 1488c4 (base 15) to base 7.
11264542
-1272692 (base 10) to base 7
-13550321
What is -10171020 (base 9) in base 11?
-2839a46
22381a (base 13) to base 14
1704b0
Convert 22112200021 (base 3) to base 12.
81397
What is 878d24 (base 16) in base 15?
ba722c
-247752 (base 8) to base 7
-505466
What is 110120022100 (base 3) in base 10?
247356
6991 (base 13) to base 4
3213211
Convert 1512707 (base 8) to base 7.
3445122
b0ee (base 16) to base 3
2022010120
Convert -238712 (base 11) to base 16.
-5c2bd
What is 113003313 (base 4) in base 10?
94455
Convert -1147770 (base 9) to base 11.
-39573a
What is 105a89 (base 14) in base 12?
228475
Convert 2045132 (base 7) to base 6.
5142025
What is 606596 (base 10) in base 9?
1124075
4a028aa (base 11) to base 6
510252040
Convert 2c7c981 (base 13) to base 15.
13d3036
Convert 103299 (base 11) to base 12.
7b86a
-154142 (base 7) to base 2
-111011000110111
Convert 445523 (base 7) to base 14.
20a13
Convert 99106 (base 14) to base 12.
15a5aa
a24a62 (base 12) to base 2
1001101011101011101010
88194b (base 13) to base 2
1100001101111000110101
-141332442 (base 5) to base 15
-e6617
Convert -3231244322 (base 5) to base 10.
-6899962
-5386b5 (base 12) to base 4
-11002203221
What is d2a3aa (base 14) in base 13?
1616259
Convert 283ca0 (base 13) to base 10.
979823
What is 35143425 (base 6) in base 11?
682632
What is -76344a5 (base 11) in base 3?
-221020122202212
Convert 25826c (base 13) to base 8.
3344343
-357079 (base 14) to base 11
-1037060
Convert -436129 (base 15) to base 2.
-1100001111101010100001
Convert 3683968 (base 11) to base 14.
bc97a9
-d94ad (base 14) to base 4
-2000023301
-b3c185 (base 13) to base 3
-21220012120201
13034124 (base 5) to base 15
27b44
What is 43604600 (base 7) in base 8?
16233373
What is 189522 (base 10) in base 8?
562122
What is da495 (base 14) in base 5?
113342023
Convert 1167572 (base 8) to base 16.
4ef7a
Convert -170ba1 (base 13) to base 7.
-4605111
What is -1012202221022 (base 3) in base 16?
-9d7ff
Convert 33201310 (base 4) to base 11.
43872
What is -52080 (base 12) in base 4?
-122023200
What is -aa89b8 (base 14) in base 8?
-26045246
What is -991a (base 12) in base 3?
-212010211
-7560041 (base 11) to base 16
-cad9f9
What is -3310440044 (base 5) in base 13?
-1625a29
4596 (base 16) to base 10
17814
Convert 1294043 (base 10) to base 5.
312402133
What is 25211042 (base 8) in base 9?
11436658
-11011101111100010100 (base 2) to base 8
-3357424
Convert 13221310031 (base 4) to base 12.
809065
What is -4434013244 (base 5) in base 3?
-200012102210101
What is -29076a (base 11) in base 12?
-19b236
Convert 2e0ca5 (base 16) to base 6.
144403421
-f84397 (base 16) to base 4
-332010032113
What is -20200201211022 (base 3) in base 11?
-200a7a4
-101223202102 (base 4) to base 10
-4634770
What is -2035340 (base 7) in base 5?
-30310031
-543600 (base 7) to base 15
-1d20c
1112031311 (base 4) to base 5
42300031
Convert 20000101022 (base 3) to base 13.
41b5b
What is -6171b (base 13) in base 14?
-47998
-1101110100111111001000 (base 2) to base 7
-42545143
-5bba (base 16) to base 8
-55672
fd673 (base 16) to base 13
2a4586
Convert -aa03c (base 14) to base 13.
-1154a9
Convert d025a (base 15) to base 16.
a0ce4
What is -225532 (base 7) in base 11?
-28397
Convert -2787e (base 15) to base 13.
-45935
What is -12332330221 (base 4) in base 10?
-1830697
Convert -52883 (base 9) to base 13.
-12c03
a68ec (base 16) to base 14
13a8a0
Convert -5170264 (base 11) to base 16.
-8b2f77
Convert -1023201213 (base 4) to base 2.
-1001011100001100111
Convert -122010512 (base 6) to base 11.
-1354867
Convert -1111111110001001110 (base 2) to base 15.
-a50e7
What is 21110031331 (base 4) in base 3?
11121001221111
What is -1b126 (base 15) in base 2?
-10101011111001011
Convert 1a7a7a (base 14) to base 9.
1686816
Convert -7237222 (base 10) to base 12.
-251025a
2015435 (base 6) to base 3
11212111012
What is -2537084 (base 9) in base 14?
-28000d
What is 28021 (base 14) in base 5?
11130223
Convert -15c17 (base 14) to base 8.
-152355
What is -70936 (base 11) in base 12?
-4bb67
Convert 3032322 (base 6) to base 7.
1141010
What is -14431233 (base 6) in base 7?
-4160103
Convert -403414 (base 6) to base 15.
-96c1
-1953a9 (base 15) to base 4
-10230331011
What is 3767173 (base 8) in base 6?
34213431
212020100012 (base 3) to base 15
9078b
What is 3411302144 (base 5) in base 7?
120651435
Convert 23122331 (base 4) to base 8.
133275
Convert -264449a (base 13) to base 6.
-1105151403
-5e32cc (base 16) to base 7
-103321134
What is -230287b (base 13) in base 15?
-e2c180
Convert -1000320231 (base 4) to base 16.
-40e2d
What is -13042404 (base 6) in base 16?
-67ec4
What is -1aa621 (base 14) in base 16?
-e8165
-beab3 (base 16) to base 11
-493841
What is -2535268 (base 10) in base 11?
-148186a
Convert 19a62a (base 13) to base 4.
2133001202
Convert -2130121312 (base 4) to base 9.
-1175701
-1302010 (base 5) to base 11
-17a7a
What is 112000513 (base 6) in base 12?
830139
Convert -1de2 (base 15) to base 8.
-14560
Convert -3401123 (base 5) to base 4.
-32202102
Convert 3333423420 (base 5) to base 10.
7326735
Convert -1212421334 (base 5) to base 12.
-b59933
What is -1964b8 (base 13) in base 5?
-131023401
What is -122402110 (base 5) in base 14?
-1154b7
What is 15064425 (base 7) in base 14?
292485
-ba92 (base 13) to base 16
-6578
What is -5355122 (base 6) in base 5?
-31423333
Convert 8517740 (base 11) to base 6.
1253320240
-2220353 (base 7) to base 10
-273899
Convert 1010001110101010110011 (base 2) to base 12.
a93983
Convert 1203310303 (base 4) to base 11.
25a222
8082562 (base 9) to base 7
51412514
-110110101110100111 (base 2) to base 15
-46647
What is -1a25a (base 14) in base 3?
-10100222121
-1222202221022 (base 3) to base 15
-15d942
What is -15045050 (base 6) in base 5?
-113111020
-2201321 (base 6) to base 3
-12112210111
-2243010 (base 6) to base 3
-12211100020
Convert -443359 (base 10) to base 7.
-3524410
What is 225521 (base 6) in base 16?
4bd9
Convert 204b649 (base 13) to base 16.
956e50
What is -20356324 (base 9) in base 7?
-146063443
-2135553 (base 6) to base 12
-515b9
What is 11001300311 (base 4) in base 14?
264429
520cc (base 13) to base 10
147367
-13433510 (base 7) to base 14
-2484b0
What is -115547 (base 11) in base 7?
-1361352